{"id":5963,"date":"2024-09-24T14:44:05","date_gmt":"2024-09-24T14:44:05","guid":{"rendered":"http:\/\/sanaa.hn\/?page_id=5963"},"modified":"2024-09-24T14:50:48","modified_gmt":"2024-09-24T14:50:48","slug":"preguntas-frecuentes","status":"publish","type":"page","link":"https:\/\/sanaa.hn\/index.php\/preguntas-frecuentes\/","title":{"rendered":"Preguntas Frecuentes"},"content":{"rendered":"\t\t<div data-elementor-type=\"wp-page\" data-elementor-id=\"5963\" class=\"elementor elementor-5963\" data-elementor-post-type=\"page\">\n\t\t\t\t\t\t<section class=\"elementor-section elementor-top-section elementor-element elementor-element-8caa1a0 elementor-section-boxed elementor-section-height-default elementor-section-height-default\" data-id=\"8caa1a0\" data-element_type=\"section\">\n\t\t\t\t\t\t<div class=\"elementor-container elementor-column-gap-default\">\n\t\t\t\t\t<div class=\"elementor-column elementor-col-100 elementor-top-column elementor-element elementor-element-63863a2 ot-flex-column-vertical\" data-id=\"63863a2\" data-element_type=\"column\">\n\t\t\t<div class=\"elementor-widget-wrap elementor-element-populated\">\n\t\t\t\t\t\t<div class=\"elementor-element elementor-element-95a2709 elementor-widget elementor-widget-spacer\" data-id=\"95a2709\" data-element_type=\"widget\" data-widget_type=\"spacer.default\">\n\t\t\t\t<div class=\"elementor-widget-container\">\n\t\t\t\t\t\t\t<div class=\"elementor-spacer\">\n\t\t\t<div class=\"elementor-spacer-inner\"><\/div>\n\t\t<\/div>\n\t\t\t\t\t\t<\/div>\n\t\t\t\t<\/div>\n\t\t\t\t<div class=\"elementor-element elementor-element-c5d0a7a elementor-widget elementor-widget-text-editor\" data-id=\"c5d0a7a\" data-element_type=\"widget\" data-widget_type=\"text-editor.default\">\n\t\t\t\t<div class=\"elementor-widget-container\">\n\t\t\t\t\t\t\t\t\t<ol><li><strong>\u00bfCu\u00e1l es el nuevo rol del SANAA ahora que no es prestador de servicios?<\/strong><\/li><\/ol><p>El SANAA ha pasado a se un Ente T\u00e9cnico de apoyo al Sector Agua Potable y Saneamiento, a las municipalidades, otros entes locales y Juntas de Agua.<\/p><p>\u00a0<\/p><ol start=\"2\"><li><strong>\u00bfA qui\u00e9n debo contactar para resolver problemas con mi servicio de agua potable si ya no es responsabilidad de SANAA?<\/strong><\/li><\/ol><p>Los usuarios deben contactar a las municipalidades o en caso del Distrito Central contactarse con la Unidad Municipal de Agua Potable y Saneamiento (UMAPS). El SANAA ya no se encarga directamente de la operaci\u00f3n ni del mantenimiento de los sistemas a excepci\u00f3n de las regionales de El Progreso y La Ceiba quienes a\u00fan contin\u00faan prestando los servicios de Agua Potable y Alcantarillado.<\/p><p>\u00a0<\/p><ol start=\"3\"><li><strong>\u00bfC\u00f3mo apoya el SANAA a las municipalidades que ahora manejan el servicio de agua?<\/strong><\/li><\/ol><p>El SANAA brinda asistencia t\u00e9cnica, capacitaci\u00f3n y supervisi\u00f3n a las municipalidades para asegurar que los sistemas de agua y alcantarillado funcionen de manera eficiente y cumplan con los est\u00e1ndares de calidad y sostenibilidad.<\/p>\t\t\t\t\t\t\t\t<\/div>\n\t\t\t\t<\/div>\n\t\t\t\t\t<\/div>\n\t\t<\/div>\n\t\t\t\t\t<\/div>\n\t\t<\/section>\n\t\t\t\t<\/div>\n\t\t","protected":false},"excerpt":{"rendered":"<p>\u00bfCu\u00e1l es el nuevo rol del SANAA ahora que no es prestador de servicios? El SANAA ha pasado a se un Ente T\u00e9cnico de apoyo al Sector Agua Potable y Saneamiento, a las municipalidades, otros entes locales y Juntas de Agua. \u00a0 \u00bfA qui\u00e9n debo contactar para resolver problemas con mi servicio de agua potable [&hellip;]<\/p>\n","protected":false},"author":1,"featured_media":0,"parent":0,"menu_order":0,"comment_status":"closed","ping_status":"closed","template":"","meta":{"_eb_attr":"","footnotes":""},"class_list":["post-5963","page","type-page","status-publish","hentry"],"_links":{"self":[{"href":"https:\/\/sanaa.hn\/index.php\/wp-json\/wp\/v2\/pages\/5963","targetHints":{"allow":["GET"]}}],"collection":[{"href":"https:\/\/sanaa.hn\/index.php\/wp-json\/wp\/v2\/pages"}],"about":[{"href":"https:\/\/sanaa.hn\/index.php\/wp-json\/wp\/v2\/types\/page"}],"author":[{"embeddable":true,"href":"https:\/\/sanaa.hn\/index.php\/wp-json\/wp\/v2\/users\/1"}],"replies":[{"embeddable":true,"href":"https:\/\/sanaa.hn\/index.php\/wp-json\/wp\/v2\/comments?post=5963"}],"version-history":[{"count":10,"href":"https:\/\/sanaa.hn\/index.php\/wp-json\/wp\/v2\/pages\/5963\/revisions"}],"predecessor-version":[{"id":5974,"href":"https:\/\/sanaa.hn\/index.php\/wp-json\/wp\/v2\/pages\/5963\/revisions\/5974"}],"wp:attachment":[{"href":"https:\/\/sanaa.hn\/index.php\/wp-json\/wp\/v2\/media?parent=5963"}],"curies":[{"name":"wp","href":"https:\/\/api.w.org\/{rel}","templated":true}]}}