{"id":5956,"date":"2024-09-24T13:58:30","date_gmt":"2024-09-24T13:58:30","guid":{"rendered":"http:\/\/sanaa.hn\/?page_id=5956"},"modified":"2024-09-24T14:07:38","modified_gmt":"2024-09-24T14:07:38","slug":"gerencia","status":"publish","type":"page","link":"https:\/\/sanaa.hn\/index.php\/gerencia\/","title":{"rendered":"Gerencia"},"content":{"rendered":"\t\t<div data-elementor-type=\"wp-page\" data-elementor-id=\"5956\" class=\"elementor elementor-5956\" data-elementor-post-type=\"page\">\n\t\t\t\t\t\t<section class=\"elementor-section elementor-top-section elementor-element elementor-element-2c778ab elementor-section-boxed elementor-section-height-default elementor-section-height-default\" data-id=\"2c778ab\" data-element_type=\"section\">\n\t\t\t\t\t\t<div class=\"elementor-container elementor-column-gap-default\">\n\t\t\t\t\t<div class=\"elementor-column elementor-col-50 elementor-top-column elementor-element elementor-element-4836579 ot-flex-column-vertical\" data-id=\"4836579\" data-element_type=\"column\">\n\t\t\t<div class=\"elementor-widget-wrap elementor-element-populated\">\n\t\t\t\t\t\t<div class=\"elementor-element elementor-element-894b400 elementor-widget elementor-widget-image\" data-id=\"894b400\" data-element_type=\"widget\" data-widget_type=\"image.default\">\n\t\t\t\t<div class=\"elementor-widget-container\">\n\t\t\t\t\t\t\t\t\t\t\t\t\t\t\t<img fetchpriority=\"high\" decoding=\"async\" width=\"750\" height=\"750\" src=\"https:\/\/sanaa.hn\/wp-content\/uploads\/2023\/06\/Team1.jpg\" class=\"attachment-large size-large wp-image-4938\" alt=\"\" srcset=\"https:\/\/sanaa.hn\/wp-content\/uploads\/2023\/06\/Team1.jpg 750w, https:\/\/sanaa.hn\/wp-content\/uploads\/2023\/06\/Team1-300x300.jpg 300w, https:\/\/sanaa.hn\/wp-content\/uploads\/2023\/06\/Team1-150x150.jpg 150w\" sizes=\"(max-width: 750px) 100vw, 750px\" \/>\t\t\t\t\t\t\t\t\t\t\t\t\t\t\t<\/div>\n\t\t\t\t<\/div>\n\t\t\t\t<div class=\"elementor-element elementor-element-9a9efee elementor-widget elementor-widget-spacer\" data-id=\"9a9efee\" data-element_type=\"widget\" data-widget_type=\"spacer.default\">\n\t\t\t\t<div class=\"elementor-widget-container\">\n\t\t\t\t\t\t\t<div class=\"elementor-spacer\">\n\t\t\t<div class=\"elementor-spacer-inner\"><\/div>\n\t\t<\/div>\n\t\t\t\t\t\t<\/div>\n\t\t\t\t<\/div>\n\t\t\t\t<div class=\"elementor-element elementor-element-533dfee elementor-widget elementor-widget-text-editor\" data-id=\"533dfee\" data-element_type=\"widget\" data-widget_type=\"text-editor.default\">\n\t\t\t\t<div class=\"elementor-widget-container\">\n\t\t\t\t\t\t\t\t\t<p><strong>Abogado Graduado de la m\u00e1xima casa de Estudios la Universidad Nacional Aut\u00f3noma de Honduras<\/strong><\/p><p><strong>Puesto:<\/strong> Gerencia General<\/p><p><strong>Ha laborado en:<\/strong><\/p><p>Como litigante en los tribunales de Justicia<\/p><p>Consultor Empresarial<\/p><p>Trabajo como proveedor externo del banco Ficohsa<\/p><p>Y en el Bufete de Estudio de Abogados YB<\/p><p><strong>Responsabilidades:<\/strong><\/p><p>Supervisi\u00f3n t\u00e9cnica de los dise\u00f1os e implantaci\u00f3n de los sistemas trabajados en las comunidades<\/p><p>Dirigir las operaciones diarias del SANAA<\/p><p>Supervisar el desarrollo profesional del personal t\u00e9cnico y administrativo de la instituci\u00f3n.<\/p><p><span style=\"color: var( --e-global-color-text ); font-weight: var( --e-global-typography-text-font-weight );\">Administrar eficientemente los recursos del SANAA<\/span><\/p>\t\t\t\t\t\t\t\t<\/div>\n\t\t\t\t<\/div>\n\t\t\t\t\t<\/div>\n\t\t<\/div>\n\t\t\t\t<div class=\"elementor-column elementor-col-50 elementor-top-column elementor-element elementor-element-221ad77 ot-flex-column-vertical\" data-id=\"221ad77\" data-element_type=\"column\">\n\t\t\t<div class=\"elementor-widget-wrap elementor-element-populated\">\n\t\t\t\t\t\t<div class=\"elementor-element elementor-element-a980bdf elementor-widget elementor-widget-image\" data-id=\"a980bdf\" data-element_type=\"widget\" data-widget_type=\"image.default\">\n\t\t\t\t<div class=\"elementor-widget-container\">\n\t\t\t\t\t\t\t\t\t\t\t\t\t\t\t<img decoding=\"async\" width=\"750\" height=\"750\" src=\"https:\/\/sanaa.hn\/wp-content\/uploads\/2023\/06\/Team2.jpg\" class=\"attachment-large size-large wp-image-4946\" alt=\"\" srcset=\"https:\/\/sanaa.hn\/wp-content\/uploads\/2023\/06\/Team2.jpg 750w, https:\/\/sanaa.hn\/wp-content\/uploads\/2023\/06\/Team2-300x300.jpg 300w, https:\/\/sanaa.hn\/wp-content\/uploads\/2023\/06\/Team2-150x150.jpg 150w\" sizes=\"(max-width: 750px) 100vw, 750px\" \/>\t\t\t\t\t\t\t\t\t\t\t\t\t\t\t<\/div>\n\t\t\t\t<\/div>\n\t\t\t\t<div class=\"elementor-element elementor-element-3730cf4 elementor-widget elementor-widget-spacer\" data-id=\"3730cf4\" data-element_type=\"widget\" data-widget_type=\"spacer.default\">\n\t\t\t\t<div class=\"elementor-widget-container\">\n\t\t\t\t\t\t\t<div class=\"elementor-spacer\">\n\t\t\t<div class=\"elementor-spacer-inner\"><\/div>\n\t\t<\/div>\n\t\t\t\t\t\t<\/div>\n\t\t\t\t<\/div>\n\t\t\t\t<div class=\"elementor-element elementor-element-d5d39cf elementor-widget elementor-widget-text-editor\" data-id=\"d5d39cf\" data-element_type=\"widget\" data-widget_type=\"text-editor.default\">\n\t\t\t\t<div class=\"elementor-widget-container\">\n\t\t\t\t\t\t\t\t\t<p><strong>Ingeniero civil<\/strong><\/p><p><strong>Msc. Gesti\u00f3n de Proyectos<\/strong><\/p><p><strong>Puesto:<\/strong> Subgerencia General<\/p><p><strong>Instituci\u00f3n:<\/strong> SANAA<\/p><p><strong>Ha laborado en la instituci\u00f3n desde el a\u00f1o 2006 como:<\/strong><\/p><p>Supervisor y construcci\u00f3n de agua potable y saneamiento<\/p><p>Supervisi\u00f3n y coordinaci\u00f3n en asistencia t\u00e9cnica en agua potable y saneamiento<\/p><p><strong>Responsabilidades:<\/strong><\/p><p>Gesti\u00f3n de personal para procesos administrativos, en las diferentes regionales del Pa\u00eds<\/p><p>Cumplimiento de las normas de calidad del agua<\/p><p>Resoluci\u00f3n de problemas t\u00e9cnicos, presupuestarios, financieros y de recursos humanos.<\/p>\t\t\t\t\t\t\t\t<\/div>\n\t\t\t\t<\/div>\n\t\t\t\t\t<\/div>\n\t\t<\/div>\n\t\t\t\t\t<\/div>\n\t\t<\/section>\n\t\t\t\t<\/div>\n\t\t","protected":false},"excerpt":{"rendered":"<p>Abogado Graduado de la m\u00e1xima casa de Estudios la Universidad Nacional Aut\u00f3noma de Honduras Puesto: Gerencia General Ha laborado en: Como litigante en los tribunales de Justicia Consultor Empresarial Trabajo como proveedor externo del banco Ficohsa Y en el Bufete de Estudio de Abogados YB Responsabilidades: Supervisi\u00f3n t\u00e9cnica de los dise\u00f1os e implantaci\u00f3n de los [&hellip;]<\/p>\n","protected":false},"author":1,"featured_media":0,"parent":0,"menu_order":0,"comment_status":"closed","ping_status":"closed","template":"","meta":{"_eb_attr":"","footnotes":""},"class_list":["post-5956","page","type-page","status-publish","hentry"],"_links":{"self":[{"href":"https:\/\/sanaa.hn\/index.php\/wp-json\/wp\/v2\/pages\/5956","targetHints":{"allow":["GET"]}}],"collection":[{"href":"https:\/\/sanaa.hn\/index.php\/wp-json\/wp\/v2\/pages"}],"about":[{"href":"https:\/\/sanaa.hn\/index.php\/wp-json\/wp\/v2\/types\/page"}],"author":[{"embeddable":true,"href":"https:\/\/sanaa.hn\/index.php\/wp-json\/wp\/v2\/users\/1"}],"replies":[{"embeddable":true,"href":"https:\/\/sanaa.hn\/index.php\/wp-json\/wp\/v2\/comments?post=5956"}],"version-history":[{"count":4,"href":"https:\/\/sanaa.hn\/index.php\/wp-json\/wp\/v2\/pages\/5956\/revisions"}],"predecessor-version":[{"id":5960,"href":"https:\/\/sanaa.hn\/index.php\/wp-json\/wp\/v2\/pages\/5956\/revisions\/5960"}],"wp:attachment":[{"href":"https:\/\/sanaa.hn\/index.php\/wp-json\/wp\/v2\/media?parent=5956"}],"curies":[{"name":"wp","href":"https:\/\/api.w.org\/{rel}","templated":true}]}}