{"id":1385,"date":"2023-05-17T08:44:59","date_gmt":"2023-05-17T08:44:59","guid":{"rendered":"http:\/\/wpdemo.archiwp.com\/onum\/?page_id=1385"},"modified":"2026-03-26T16:28:39","modified_gmt":"2026-03-26T16:28:39","slug":"home-2","status":"publish","type":"page","link":"https:\/\/sanaa.hn\/","title":{"rendered":"Inicio"},"content":{"rendered":"\n\t\t\t<!-- START Home 2 REVOLUTION SLIDER 6.6.12 --><p class=\"rs-p-wp-fix\"><\/p>\n\t\t\t<rs-module-wrap id=\"rev_slider_1_1_wrapper\" data-source=\"gallery\" style=\"visibility:hidden;background:transparent;padding:0;margin:0px auto;margin-top:0;margin-bottom:0;\">\n\t\t\t\t<rs-module id=\"rev_slider_1_1\" style=\"\" data-version=\"6.6.12\">\n\t\t\t\t\t<rs-slides style=\"overflow: hidden; position: absolute;\">\n\t\t\t\t\t\t<rs-slide style=\"position: absolute;\" data-key=\"rs-1\" data-title=\"Slide\" data-in=\"o:0;\" data-out=\"a:false;\">\n\t\t\t\t\t\t\t<img decoding=\"async\" src=\"\/\/sanaa.hn\/wp-content\/plugins\/revslider\/public\/assets\/assets\/dummy.png\" alt=\"Slide\" title=\"Inicio\" class=\"rev-slidebg tp-rs-img rs-lazyload\" data-lazyload=\"\/\/sanaa.hn\/wp-content\/plugins\/revslider\/public\/assets\/assets\/transparent.png\" data-no-retina>\n<!--\n\t\t\t\t\t\t\t--><rs-layer\n\t\t\t\t\t\t\t\tid=\"slider-1-slide-1-layer-0\" \n\t\t\t\t\t\t\t\tdata-type=\"image\"\n\t\t\t\t\t\t\t\tdata-rsp_ch=\"on\"\n\t\t\t\t\t\t\t\tdata-xy=\"yo:90px,90px,57px,35px;\"\n\t\t\t\t\t\t\t\tdata-text=\"w:normal;s:20,20,12,7;l:0,0,15,9;\"\n\t\t\t\t\t\t\t\tdata-dim=\"w:203px,203px,131px,80px;h:402px,402px,260px,160px;\"\n\t\t\t\t\t\t\t\tdata-vbility=\"t,f,f,f\"\n\t\t\t\t\t\t\t\tdata-basealign=\"slide\"\n\t\t\t\t\t\t\t\tdata-frame_0=\"x:-50,-50,-31,-19;\"\n\t\t\t\t\t\t\t\tdata-frame_1=\"sp:1000;\"\n\t\t\t\t\t\t\t\tdata-frame_999=\"x:-50,-50,-31,-19;o:0;st:w;sp:1000;sR:8000;\"\n\t\t\t\t\t\t\t\tstyle=\"z-index:6;\"\n\t\t\t\t\t\t\t><img fetchpriority=\"high\" decoding=\"async\" src=\"\/\/sanaa.hn\/wp-content\/plugins\/revslider\/public\/assets\/assets\/dummy.png\" alt=\"\" class=\"tp-rs-img rs-lazyload\" width=\"203\" height=\"402\" data-lazyload=\"\/\/sanaa.hn\/wp-content\/uploads\/2023\/05\/shape-slide1.png\" data-no-retina> \n\t\t\t\t\t\t\t<\/rs-layer><!--\n\n\t\t\t\t\t\t\t--><rs-layer\n\t\t\t\t\t\t\t\tid=\"slider-1-slide-1-layer-1\" \n\t\t\t\t\t\t\t\tdata-type=\"image\"\n\t\t\t\t\t\t\t\tdata-rsp_ch=\"on\"\n\t\t\t\t\t\t\t\tdata-xy=\"x:r;xo:-17px,-17px,-10px,5px;yo:-4px,-4px,0,35px;\"\n\t\t\t\t\t\t\t\tdata-text=\"w:normal;s:20,20,12,7;l:0,0,15,9;\"\n\t\t\t\t\t\t\t\tdata-dim=\"w:925px,925px,360px,222px;h:855px,855px,418px,257px;\"\n\t\t\t\t\t\t\t\tdata-basealign=\"slide\"\n\t\t\t\t\t\t\t\tdata-frame_0=\"x:50,50,31,19;\"\n\t\t\t\t\t\t\t\tdata-frame_1=\"st:500;sp:1000;sR:500;\"\n\t\t\t\t\t\t\t\tdata-frame_999=\"x:50,50,31,19;o:0;st:w;sp:1000;\"\n\t\t\t\t\t\t\t\tstyle=\"z-index:7;\"\n\t\t\t\t\t\t\t><img decoding=\"async\" src=\"\/\/sanaa.hn\/wp-content\/plugins\/revslider\/public\/assets\/assets\/dummy.png\" alt=\"\" class=\"tp-rs-img rs-lazyload\" width=\"925\" height=\"855\" data-lazyload=\"\/\/sanaa.hn\/wp-content\/uploads\/2023\/05\/img-1.png\" data-no-retina> \n\t\t\t\t\t\t\t<\/rs-layer><!--\n\n\t\t\t\t\t\t\t--><rs-layer\n\t\t\t\t\t\t\t\tid=\"slider-1-slide-1-layer-3\" \n\t\t\t\t\t\t\t\tdata-type=\"text\"\n\t\t\t\t\t\t\t\tdata-color=\"#999a9b\"\n\t\t\t\t\t\t\t\tdata-xy=\"xo:14px,14px,15px,9px;yo:242px,242px,145px,89px;\"\n\t\t\t\t\t\t\t\tdata-text=\"w:normal;s:14,14,12,7;l:18,18,11,6;ls:1px,1px,0px,0px;fw:900;a:center;\"\n\t\t\t\t\t\t\t\tdata-dim=\"w:61px,61px,39px,24px;\"\n\t\t\t\t\t\t\t\tdata-rsp_bd=\"off\"\n\t\t\t\t\t\t\t\tdata-frame_0=\"y:50,50,31,19;\"\n\t\t\t\t\t\t\t\tdata-frame_1=\"st:1000;sp:1000;sR:1000;\"\n\t\t\t\t\t\t\t\tdata-frame_999=\"o:0;e:power4.inOut;st:w;sp:1000;sR:7000;\"\n\t\t\t\t\t\t\t\tstyle=\"z-index:9;font-family:'Red Hat Display';\"\n\t\t\t\t\t\t\t>SANAA \n\t\t\t\t\t\t\t<\/rs-layer><!--\n\n\t\t\t\t\t\t\t--><rs-layer\n\t\t\t\t\t\t\t\tid=\"slider-1-slide-1-layer-6\" \n\t\t\t\t\t\t\t\tdata-type=\"text\"\n\t\t\t\t\t\t\t\tdata-color=\"#999a9b\"\n\t\t\t\t\t\t\t\tdata-xy=\"xo:91px,91px,64px,39px;yo:222px,222px,143px,88px;\"\n\t\t\t\t\t\t\t\tdata-text=\"w:normal;s:14,14,12,7;l:18,18,14,8;fw:700;a:center;\"\n\t\t\t\t\t\t\t\tdata-rsp_bd=\"off\"\n\t\t\t\t\t\t\t\tdata-padding=\"l:15,15,10,6;\"\n\t\t\t\t\t\t\t\tdata-border=\"bos:solid;boc:rgba(165, 183, 210, 0.5);bow:0,0,0,2px;\"\n\t\t\t\t\t\t\t\tdata-frame_0=\"y:50,50,31,19;\"\n\t\t\t\t\t\t\t\tdata-frame_1=\"st:1200;sp:1000;sR:1200;\"\n\t\t\t\t\t\t\t\tdata-frame_999=\"o:0;e:power4.inOut;st:w;sp:1000;sR:6800;\"\n\t\t\t\t\t\t\t\tstyle=\"z-index:10;font-family:'Red Hat Display';text-transform:uppercase;\"\n\t\t\t\t\t\t\t>Cada gota cuenta<br \/>\nahorremos agua \n\t\t\t\t\t\t\t<\/rs-layer><!--\n\n\t\t\t\t\t\t\t--><rs-layer\n\t\t\t\t\t\t\t\tid=\"slider-1-slide-1-layer-7\" \n\t\t\t\t\t\t\t\tdata-type=\"text\"\n\t\t\t\t\t\t\t\tdata-color=\"#8e8e93\"\n\t\t\t\t\t\t\t\tdata-rsp_ch=\"on\"\n\t\t\t\t\t\t\t\tdata-xy=\"xo:15px,15px,15px,9px;yo:280px,280px,190px,117px;\"\n\t\t\t\t\t\t\t\tdata-text=\"w:normal;s:56,56,35,21;l:72,72,46,28;fw:900;\"\n\t\t\t\t\t\t\t\tdata-frame_0=\"y:50,50,31,19;\"\n\t\t\t\t\t\t\t\tdata-frame_1=\"st:1500;sp:1000;sR:1500;\"\n\t\t\t\t\t\t\t\tdata-frame_999=\"o:0;e:power4.inOut;st:w;sp:1000;sR:6500;\"\n\t\t\t\t\t\t\t\tstyle=\"z-index:11;font-family:'Red Hat Display';\"\n\t\t\t\t\t\t\t>Sab\u00edas que... \n\t\t\t\t\t\t\t<\/rs-layer><!--\n\n\t\t\t\t\t\t\t--><rs-layer\n\t\t\t\t\t\t\t\tid=\"slider-1-slide-1-layer-8\" \n\t\t\t\t\t\t\t\tdata-type=\"text\"\n\t\t\t\t\t\t\t\tdata-color=\"#1a1b1e\"\n\t\t\t\t\t\t\t\tdata-rsp_ch=\"on\"\n\t\t\t\t\t\t\t\tdata-xy=\"xo:11px,11px,15px,9px;yo:392px,392px,295px,182px;\"\n\t\t\t\t\t\t\t\tdata-text=\"w:normal;s:22,22,16,9;l:36,36,24,14;\"\n\t\t\t\t\t\t\t\tdata-frame_0=\"y:50,50,31,19;\"\n\t\t\t\t\t\t\t\tdata-frame_1=\"st:1800;sp:1000;sR:1800;\"\n\t\t\t\t\t\t\t\tdata-frame_999=\"o:0;e:power4.inOut;st:w;sp:1000;sR:6200;\"\n\t\t\t\t\t\t\t\tstyle=\"z-index:12;font-family:'Red Hat Text';\"\n\t\t\t\t\t\t\t>Una llave abierta consume hasta <br \/>\n2 litros por minuto. \n\t\t\t\t\t\t\t<\/rs-layer><!--\n\n\t\t\t\t\t\t\t--><rs-layer\n\t\t\t\t\t\t\t\tid=\"slider-1-slide-1-layer-10\" \n\t\t\t\t\t\t\t\tdata-type=\"text\"\n\t\t\t\t\t\t\t\tdata-rsp_ch=\"on\"\n\t\t\t\t\t\t\t\tdata-xy=\"xo:15px,15px,15px,9px;yo:570px,570px,369px,227px;\"\n\t\t\t\t\t\t\t\tdata-text=\"w:normal;s:20,20,12,7;l:25,25,15,9;a:center;\"\n\t\t\t\t\t\t\t\tdata-frame_0=\"y:50,50,31,19;\"\n\t\t\t\t\t\t\t\tdata-frame_1=\"st:2100;sp:1000;sR:2100;\"\n\t\t\t\t\t\t\t\tdata-frame_999=\"o:0;e:power4.inOut;st:w;sp:1000;sR:5900;\"\n\t\t\t\t\t\t\t\tstyle=\"z-index:13;font-family:'Roboto';\"\n\t\t\t\t\t\t\t><a href=\"#\" class=\"octf-btn octf-btn-icon octf-btn-primary\">Leer M\u00e1s<i class=\"flaticon-right-arrow-1\"><\/i><\/a> \n\t\t\t\t\t\t\t<\/rs-layer><!--\n\n\t\t\t\t\t\t\t--><rs-layer\n\t\t\t\t\t\t\t\tid=\"slider-1-slide-1-layer-13\" \n\t\t\t\t\t\t\t\tdata-type=\"text\"\n\t\t\t\t\t\t\t\tdata-color=\"#999a9b\"\n\t\t\t\t\t\t\t\tdata-xy=\"xo:15px,15px,15px,9px;yo:220px,220px,145px,89px;\"\n\t\t\t\t\t\t\t\tdata-text=\"w:normal;s:14,14,12,7;l:18,18,11,6;ls:1px,1px,0px,0px;fw:900;a:center;\"\n\t\t\t\t\t\t\t\tdata-dim=\"w:61px,61px,39px,24px;\"\n\t\t\t\t\t\t\t\tdata-rsp_bd=\"off\"\n\t\t\t\t\t\t\t\tdata-frame_0=\"y:50,50,31,19;\"\n\t\t\t\t\t\t\t\tdata-frame_1=\"st:1000;sp:1000;sR:1000;\"\n\t\t\t\t\t\t\t\tdata-frame_999=\"o:0;e:power4.inOut;st:w;sp:1000;sR:7000;\"\n\t\t\t\t\t\t\t\tstyle=\"z-index:8;font-family:'Red Hat Display';\"\n\t\t\t\t\t\t\t>1961 \n\t\t\t\t\t\t\t<\/rs-layer><!--\n-->\t\t\t\t\t\t<\/rs-slide>\n\t\t\t\t\t<\/rs-slides>\n\t\t\t\t<\/rs-module>\n\t\t\t\t<script>\n\t\t\t\t\tsetREVStartSize({c: 'rev_slider_1_1',rl:[1240,1240,778,480],el:[930,930,560,560],gw:[1200,1200,778,480],gh:[930,930,560,560],type:'standard',justify:'',layout:'fullwidth',mh:\"0\"});if (window.RS_MODULES!==undefined && window.RS_MODULES.modules!==undefined && window.RS_MODULES.modules[\"revslider11\"]!==undefined) {window.RS_MODULES.modules[\"revslider11\"].once = false;window.revapi1 = undefined;if (window.RS_MODULES.checkMinimal!==undefined) window.RS_MODULES.checkMinimal()}\n\t\t\t\t<\/script>\n\t\t\t<\/rs-module-wrap>\n\t\t\t<!-- END REVOLUTION SLIDER -->\n\n<figure><\/figure>\n<figure><\/figure>\n<h1><img decoding=\"async\" class=\"\" src=\"https:\/\/sanaa.hn\/wp-content\/uploads\/2023\/05\/logos-04.1e59041d532339df07c9.png\" alt=\"logos-04.1e59041d532339df07c9\" width=\"341\" height=\"341\" \/><\/h1>\n<figure><img loading=\"lazy\" decoding=\"async\" class=\"\" src=\"https:\/\/sanaa.hn\/wp-content\/uploads\/2023\/05\/sielho.png\" alt=\"sielho\" width=\"394\" height=\"209\" \/><\/figure>\n<h6>SANAA<\/h6>\n<h2>COMIT\u00c9S DE LA ORGANIZACI\u00d3N<\/h2>\n<p>COCOIN<br \/>\n<img decoding=\"async\" src=\"https:\/\/sanaa.hn\/wp-content\/themes\/onum\/images\/price1.png\" alt=\"COCOIN\" \/><\/p>\n<h2><\/h2>\n<p>Comit\u00e9 del Control Interno Institucional<\/p>\n<p><a href=\"#\">Leer M\u00e1s <\/a><br \/>\n\u00c9tica P\u00fablica<br \/>\n<img decoding=\"async\" src=\"https:\/\/onum-wp.s3.amazonaws.com\/images\/price2-1.png\" alt=\"\u00c9tica P\u00fablica\" \/><\/p>\n<h2><\/h2>\n<p>Comit\u00e9 de Probidad y \u00c9tica<\/p>\n<p><a href=\"#\">Leer M\u00e1s <\/a><br \/>\nPuestos Vacantes<br \/>\n<img decoding=\"async\" src=\"https:\/\/onum-wp.s3.amazonaws.com\/images\/price3-1.png\" alt=\"Puestos Vacantes\" \/><\/p>\n<h2><\/h2>\n<p>Puestos vacantes en el SANAA<\/p>\n<p>Leer M\u00e1s<\/p>\n<h2><\/h2>\n<p><a href=\"https:\/\/twitter.com\/HondurasSanaa?ref_src=twsrc%5Etfw\" data-height=\"500\">Tweets by HondurasSanaa<\/a><\/p>\n<h2>\u00a1Escucha Nuestro Programa!<\/h2>\n<h2>Noticias del Agua<\/h2>\n<p>Todos los miercoles de 3:00 &#8211; 4:00 PM<\/p>\n<style type=\"text\/css\"> .mytuner-widget { all: initial; display: block; color: #5acde0; } .mytuner-widget, .mytuner-widget * { box-sizing: border-box; font-family: sans-serif; } .main-play-button { padding: 5px; border-radius: 20px; width: 40px; height: 40px; float: left; margin-left: 10px; margin-right: 15px; margin-top: 12.5px; cursor: pointer; background-color: #FFF; box-shadow: 1px 2px 6px -3px black; display: inline-block; } .main-play-button:hover { background-color: #EEE; } .main-play-button.disabled { filter: grayscale(1); cursor: not-allowed; } .main-play-button div { background: url(\"https:\/\/mytuner-radio.com\/static\/icons\/widgets\/BT_Play\/BT_Play@2x.png\") no-repeat center; background-size: 16px; width: 28px; height: 28px; margin-left: 3px; } .main-play-button.loading div { background: url(\"https:\/\/static2.mytuner.mobi\/static\/images\/sprite-loading.gif\") no-repeat center; filter: grayscale(1); background-size: 28px; margin-left: 2px; } .main-play-button.playing div { background: url(\"https:\/\/mytuner-radio.com\/static\/icons\/widgets\/BT_Pause\/BT_Pause@2x.png\") no-repeat center; background-size: 16px; margin-left: 2px; } .main-play-button.error div { background: url(\"https:\/\/mytuner-radio.com\/static\/icons\/widgets\/BT_Error\/erro@2x.png\") no-repeat center; background-size: 16px; margin-left: 0; } .play-button { background: url(\"https:\/\/mytuner-radio.com\/static\/icons\/widgets\/BT_Play\/BT_Play.png\") no-repeat center; width: 40px; height: 40px; cursor: pointer; display: inline-flex; align-items: center; margin: auto 4px auto 19px; \/* align with radio logo *\/ } .play-button.loading { background: url(\"https:\/\/static2.mytuner.mobi\/static\/images\/sprite-loading.gif\") no-repeat center; filter: grayscale(1); background-size: 28px; } .play-button.playing { background: url(\"https:\/\/mytuner-radio.com\/static\/icons\/widgets\/BT_Pause\/BT_Pause.png\") no-repeat center; } .play-button.error { background: url(\"https:\/\/mytuner-radio.com\/static\/icons\/widgets\/BT_Error\/erro.png\") no-repeat center; background-size: 15px; } .play-button.disabled { opacity: 0.3; } .play-button.disabled:hover { cursor: not-allowed; } input[type=range][orient=vertical] { writing-mode: bt-lr; \/* IE *\/ -webkit-appearance: slider-vertical; \/* WebKit *\/ width: 8px; padding: 0 5px; } .volume-controls { width: 35px; height: 35px; display: inline-block; position: absolute; margin-left: 5px; margin-top: 14px; padding-top: 0; border-radius: 20px; box-sizing: content-box !important; z-index: 10; \/* animation *\/ border: 1px solid transparent; transition: background 0.5s, padding 0.5s, margin 0.5s, border 0.5s; overflow: hidden; } .volume-controls:hover { padding-top: 140px; \/* add original margin *\/ margin-top: -126px; background-color: #F2F2F2; border: 1px solid grey; transition: background 0.5s, padding 0.5s, margin 0.5s; } .volume-controls:hover > .volume-control { display: block; } .volume-controls .volume-control { opacity: 0; margin-top: -126px; margin-left: 13px; position: absolute; transition: 0.5s all; } .volume-controls:hover .volume-control { opacity: 1; } .volume-controls .volume-indicator { cursor: pointer; display: block; } .player-radio-link { width: calc(100% - 65px - 84px - 37px - 12px); } .player-radio-name { width: calc(100% - 74px - 10px); } .player-mytuner-logo { margin-left: 47px; } @media (max-width: 480px) { .player-radio-link { width: calc(100% - 65px - 84px - 12px); } .player-mytuner-logo { margin-left: 10px; } .volume-controls { display: none; } } <\/style>\n<p><a style=\"height: 100%; display: inline-block; line-height: 65px; cursor: pointer;\" href=\"http:\/\/mytuner-radio.com\/es\/emisora\/radio-nacional-de-honduras-462572\/?utm_source=widget&amp;utm_medium=player\" target=\"_blank\" rel=\"noopener\"><img decoding=\"async\" style=\"float: left; height: 74px; margin-top: -5px; box-shadow: black 0px 0px 3px -1px;\" src=\"https:\/\/static2.mytuner.mobi\/media\/tvos_radios\/ZJTkUcuWKT.jpg\" alt=\"Radio Nacional de Honduras\" \/>Radio Nacional de Honduras<\/a><input id=\"w5UteMO8w7TCrcO1w5HDisONwrdAYsO6w4bDpCNOw6ZJw4U=volume-control\" max=\"100\" min=\"1\" type=\"range\" value=\"100\" \/><a style=\"display: inline-block; vertical-align: top;\" href=\"https:\/\/mytuner-radio.com?utm_source=widget&amp;utm_medium=player\" target=\"_blank\" rel=\"noopener\"><img style=\"height: 36px; width: 84px; vertical-align: middle;\" alt=\"Listen on myTuner radio!\" \/><\/a><\/p>\n<ul id=\"w5UteMO8w7TCrcO1w5HDisONwrdAYsO6w4bDpCNOw6ZJw4U=song-history\" style=\"width: 100%; background-color: #eeeeee; max-height: calc(415px); padding: 0px; margin: 0px; overflow-y: scroll;\" data-border=\"1\" data-bordercolor=\"#ffffff\"><\/ul>\n<h4>Frecuencias<\/h4>\n<p>Tegucigalpa &#8212;&#8211;&gt; 101.3 FM<br \/>\nSan Pedro Sula &#8212;&#8211;&gt; 94.1 FM<br \/>\nSanta Rosa de Cop\u00e1n &#8212;&#8211;&gt; 880 AM<\/p>\n<h6>Equipo Profesional<\/h6>\n<h2>Gerencia<\/h2>\n<p><a href=\"https:\/\/sanaa.hn\/index.php\/organigrama-institucional\/\" target=\"_blank\" rel=\"noopener\">Organigrama<br \/>\n<\/a><br \/>\n<img decoding=\"async\" src=\"https:\/\/sanaa.hn\/wp-content\/uploads\/2023\/06\/Team1.jpg\" alt=\"Abg. Ricardo Panchame\" \/><\/p>\n<h4>Abg. Ricardo Panchame<\/h4>\n<p>Gerente<br \/>\n<a style=\"background: #15b7ec;\" href=\"https:\/\/twitter.com\/RIsaacPanchame\" target=\"_blank\" rel=\"noopener\"><br \/>\n<\/a><br \/>\n<a style=\"background: #0160e7;\" href=\"https:\/\/facebook.com\/RIsaacPanchame\" target=\"_blank\" rel=\"noopener\"><br \/>\n<\/a><br \/>\n<a style=\"background: #DB236B;\" href=\"https:\/\/instagram.com\/RIsaacPanchame\" target=\"_blank\" rel=\"noopener\"><br \/>\n<\/a><br \/>\n<img decoding=\"async\" src=\"https:\/\/sanaa.hn\/wp-content\/uploads\/2023\/06\/Team2.jpg\" alt=\"Ing. Manuel Martinez\" \/><\/p>\n<h4>Ing. Manuel Martinez<\/h4>\n<p>Sub Gerente<br \/>\n<a style=\"background: #15b7ec;\" href=\"https:\/\/twitter.com\/ManuelJMarti\" target=\"_blank\" rel=\"noopener\"><br \/>\n<\/a><br \/>\n<a style=\"background: #0160e7;\" href=\"https:\/\/facebook.com\/ManuelJMarti\" target=\"_blank\" rel=\"noopener\"><br \/>\n<\/a><br \/>\n<a style=\"background: #DB236B;\" href=\"https:\/\/instagram.com\/ManuelJMarti\" target=\"_blank\" rel=\"noopener\"><br \/>\n<\/a><\/p>\n<h2>Nuestras Ultimas Noticias<\/h2>\n<h5>Conoce las acciones del SANAA a favor del pueblo hondure\u00f1o.<\/h5>\n<p><a href=\"https:\/\/sanaa.hn\/index.php\/noticias\/\">Todas las Noticias<br \/>\n<\/a><\/p>\n<article id=\"post-7640\"><a href=\"https:\/\/sanaa.hn\/index.php\/category\/memoria\/\" rel=\"category tag\">MEMORIA<\/a><br \/>\n<a href=\"https:\/\/sanaa.hn\/index.php\/author\/admsanaa\/\"> admsanaa<\/a><a href=\"https:\/\/sanaa.hn\/index.php\/personal-tecnico-de-el-sanaa-de-el-progreso-repara-sistema-de-bombeo-de-agua-potable-que-abastece-a-varias-zonas-en-la-region-norte\/\" rel=\"bookmark\"> <time datetime=\"2025-06-23T14:55:22+00:00\">23 junio, 2025<\/time><\/a><a href=\"https:\/\/sanaa.hn\/index.php\/personal-tecnico-de-el-sanaa-de-el-progreso-repara-sistema-de-bombeo-de-agua-potable-que-abastece-a-varias-zonas-en-la-region-norte\/#respond\"> 0 Comments<\/a> <!-- .entry-meta --><\/p>\n<h3><a href=\"https:\/\/sanaa.hn\/index.php\/personal-tecnico-de-el-sanaa-de-el-progreso-repara-sistema-de-bombeo-de-agua-potable-que-abastece-a-varias-zonas-en-la-region-norte\/\" rel=\"bookmark\">PERSONAL TECNICO DE EL SANAA DE EL PROGRESO REPARA SISTEMA DE BOMBEO DE AGUA POTABLE QUE ABASTECE A VARIAS ZONAS EN LA REGION NORTE<\/a><\/h3>\n<p><!-- .entry-header --><br \/>\nSe le Informa a los abonados de las comunidades Quebrada Seca, Aurora,&#8230; <!-- .entry-content --><\/p>\n<\/article>\n<article id=\"post-7636\"><a href=\"https:\/\/sanaa.hn\/index.php\/category\/memoria\/\" rel=\"category tag\">MEMORIA<\/a><br \/>\n<a href=\"https:\/\/sanaa.hn\/index.php\/author\/admsanaa\/\"> admsanaa<\/a><a href=\"https:\/\/sanaa.hn\/index.php\/personal-tecnico-de-la-regional-de-olancho-capacita-a-juntas-de-agua-en-la-florida-de-lagarto-catacamas\/\" rel=\"bookmark\"> <time datetime=\"2025-06-23T14:44:33+00:00\">23 junio, 2025<\/time><\/a><a href=\"https:\/\/sanaa.hn\/index.php\/personal-tecnico-de-la-regional-de-olancho-capacita-a-juntas-de-agua-en-la-florida-de-lagarto-catacamas\/#respond\"> 0 Comments<\/a> <!-- .entry-meta --><\/p>\n<h3><a href=\"https:\/\/sanaa.hn\/index.php\/personal-tecnico-de-la-regional-de-olancho-capacita-a-juntas-de-agua-en-la-florida-de-lagarto-catacamas\/\" rel=\"bookmark\">PERSONAL TECNICO DE LA REGIONAL DE OLANCHO CAPACITA A JUNTAS DE AGUA EN LA FLORIDA DE LAGARTO, CATACAMAS<\/a><\/h3>\n<p><!-- .entry-header --><br \/>\nEl personal t\u00e9cnico asignado a la Regional Olancho contin\u00faa con el proceso&#8230; <!-- .entry-content --><\/p>\n<\/article>\n<article id=\"post-7633\"><a href=\"https:\/\/sanaa.hn\/index.php\/category\/memoria\/\" rel=\"category tag\">MEMORIA<\/a><br \/>\n<a href=\"https:\/\/sanaa.hn\/index.php\/author\/admsanaa\/\"> admsanaa<\/a><a href=\"https:\/\/sanaa.hn\/index.php\/sanaa-regional-el-progreso-repara-tuberia-principal-de-distribucion-de-agua-potable-de-los-sectores-jensen-san-juan-y-zonas-aledanas\/\" rel=\"bookmark\"> <time datetime=\"2025-06-23T14:40:57+00:00\">23 junio, 2025<\/time><\/a><a href=\"https:\/\/sanaa.hn\/index.php\/sanaa-regional-el-progreso-repara-tuberia-principal-de-distribucion-de-agua-potable-de-los-sectores-jensen-san-juan-y-zonas-aledanas\/#respond\"> 0 Comments<\/a> <!-- .entry-meta --><\/p>\n<h3><a href=\"https:\/\/sanaa.hn\/index.php\/sanaa-regional-el-progreso-repara-tuberia-principal-de-distribucion-de-agua-potable-de-los-sectores-jensen-san-juan-y-zonas-aledanas\/\" rel=\"bookmark\">SANAA REGIONAL EL PROGRESO REPARA TUBER\u00cdA PRINCIPAL DE DISTRIBUCI\u00d3N DE AGUA POTABLE DE LOS SECTORES JENSEN, SAN JUAN Y ZONAS ALEDA\u00d1AS<\/a><\/h3>\n<p><!-- .entry-header --><br \/>\nSe le informa a los abonados de los sectores Jensen, San Juan&#8230; <!-- .entry-content --><\/p>\n<\/article>\n","protected":false},"excerpt":{"rendered":"<p>SANAA COMIT\u00c9S DE LA ORGANIZACI\u00d3N COCOIN Comit\u00e9 del Control Interno Institucional Leer M\u00e1s \u00c9tica P\u00fablica Comit\u00e9 de Probidad y \u00c9tica Leer M\u00e1s Puestos Vacantes Puestos vacantes en el SANAA Leer M\u00e1s Tweets by HondurasSanaa \u00a1Escucha Nuestro Programa! Noticias del Agua Todos los miercoles de 3:00 &#8211; 4:00 PM Radio Nacional de Honduras Frecuencias Tegucigalpa &#8212;&#8211;&gt; [&hellip;]<\/p>\n","protected":false},"author":1,"featured_media":0,"parent":0,"menu_order":0,"comment_status":"closed","ping_status":"closed","template":"","meta":{"_eb_attr":"","footnotes":""},"class_list":["post-1385","page","type-page","status-publish","hentry"],"_links":{"self":[{"href":"https:\/\/sanaa.hn\/index.php\/wp-json\/wp\/v2\/pages\/1385","targetHints":{"allow":["GET"]}}],"collection":[{"href":"https:\/\/sanaa.hn\/index.php\/wp-json\/wp\/v2\/pages"}],"about":[{"href":"https:\/\/sanaa.hn\/index.php\/wp-json\/wp\/v2\/types\/page"}],"author":[{"embeddable":true,"href":"https:\/\/sanaa.hn\/index.php\/wp-json\/wp\/v2\/users\/1"}],"replies":[{"embeddable":true,"href":"https:\/\/sanaa.hn\/index.php\/wp-json\/wp\/v2\/comments?post=1385"}],"version-history":[{"count":231,"href":"https:\/\/sanaa.hn\/index.php\/wp-json\/wp\/v2\/pages\/1385\/revisions"}],"predecessor-version":[{"id":9003,"href":"https:\/\/sanaa.hn\/index.php\/wp-json\/wp\/v2\/pages\/1385\/revisions\/9003"}],"wp:attachment":[{"href":"https:\/\/sanaa.hn\/index.php\/wp-json\/wp\/v2\/media?parent=1385"}],"curies":[{"name":"wp","href":"https:\/\/api.w.org\/{rel}","templated":true}]}}